 (12/(-18) - 0)*-90 is divided by 31.
29
Let u = -130 + 234. Let q(t) = t**3 + 38*t**2 - 42*t - 86. Calculate the remainder when u is divided by q(-39).
11
Suppose 6180 = -182*d + 192*d. Calculate the remainder when d is divided by 39.
33
Suppose -3*x = 4 - 1. What is the remainder when 6 is divided by x/((-2)/(-6)*-1)?
0
Let s(f) be the first derivative of f**3/3 + 11*f**2/2 + 15*f - 5. What is the remainder when s(-13) is divided by 14?
13
Let m = 366 - 340. Let k be -45 - (-2 - -2)/2. Let h = 96 + k. What is the remainder when h is divided by m?
25
Suppose -j = h + 15, -5*h + 32 - 106 = 4*j. Let m = h + 26. Let o = -140 - -145. What is the remainder when m is divided by o?
2
Let k be (-136)/10 - (-6)/10. Let z = k + 37. Let i = -11 + z. Calculate the remainder when 25 is divided by i.
12
Let b = 46 + 118. Suppose 24 = -r + b. Calculate the remainder when r is divided by 36.
32
Let y(a) = -10*a - 37. Let l be y(-4). Suppose k + 7 = -3*j, 0 = 2*k - 0*j + l*j - 1. Calculate the remainder when 20 is divided by k.
4
Suppose 5*v - 14 = 11. Let n = v - -18. Calculate the remainder when 89 is divided by n.
20
Let u(j) = j**3 + 5*j**2 - 5*j - 30. Calculate the remainder when 104 is divided by u(-4).
2
What is the remainder when 255 is divided by 3/(-5)*(39 + -23 + -106)?
39
Let i(n) = 14*n + 12*n**2 - 22*n - 41 + 12*n - n**3. Calculate the remainder when 32 is divided by i(12).
4
Let x be (-124)/3*27/(-18). Suppose k - x = -k + 5*r, -2*r + 22 = k. What is the remainder when k is divided by 14?
12
Suppose 3*b - 16 = -h + 26, b = -5*h + 252. Let u = -27 + h. Calculate the remainder when 378/8 - (-3)/(-12) is divided by u.
23
Suppose 2*f = 4*z + 70, -5*z - 69 = -f - f. What is the remainder when 512 is divided by f?
31
Calculate the remainder when ((-870)/(-12))/((-25)/(-20)) is divided by 12.
10
Calculate the remainder when 129 - 6 - 4/(-1)*1 is divided by 13.
10
Let f be 22/(-2) - (-11)/11. Let c(v) = v**3 + 10*v**2 + 17*v + 25. Let q be c(f). Calculate the remainder when 55 is divided by (12/30)/((-2)/q).
26
Suppose 3*a = f - 35, -233 + 78 = -5*f + 5*a. Let u = -45 + 100. What is the remainder when u is divided by f?
26
Let r be (1/(-2))/(23/(-92)). Let f be (-4)/14 + 100/7. Suppose 0*v = v + r, 2*d - f = 4*v. Calculate the remainder when 5 is divided by d.
2
Suppose -41 = 5*u - 376. Let n = u - 48. Calculate the remainder when n is divided by (1 + (-18)/(-4))*(12 - 10).
8
Suppose -6 = 3*y, 0*y = 2*p - 2*y - 542. Suppose 9*r + 80 - p = 0. Calculate the remainder when (-123)/(-7) + r/49 is divided by 5.
3
Let c = -114 - -526. Calculate the remainder when c is divided by 59.
58
Suppose -18*r - 51 = -21*r. Calculate the remainder when (3952/(-15))/(-4) + (-2)/(-15) is divided by r.
15
Suppose -r + 38 = 8. Suppose -4*z = z - r. Calculate the remainder when 3/(-2) - (-735)/42 is divided by z.
4
Suppose 0 = -5*p + 5*f + 10, 8*f - 55 = -5*p + 4*f. Suppose 0*w + 12 = 4*w. Suppose 10 = u - w. What is the remainder when u is divided by p?
6
Suppose f - 15 = 3*r + 15, -3*f = 0. Let i = 20 + r. Suppose -2 = z + 5*k, 3*z - k - 10 = -0*z. Calculate the remainder when i is divided by z.
1
Suppose 3*t + 2*v = 6 + 6, 0 = 4*t + 4*v - 20. Let n = 3 - 6. Let c = 4 + n. What is the remainder when t is divided by c?
0
Let b(y) = y**2 + y + 5. Let o be b(-4). Suppose 2*l + 5 = -o. Let k = l - -18. What is the remainder when 13 is divided by k?
6
Suppose -3*i + 7*i = 128. Let l = -31 + 10. Let t = l + i. Calculate the remainder when 18 is divided by t.
7
Let w = 856 - 827. Calculate the remainder when 97 is divided by w.
10
Let s = 69 + -16. Let v(a) = -2*a**2 - 8*a + 1. Let z(t) = -t**2 - t - 1. Let l(f) = v(f) - 4*z(f). What is the remainder when s is divided by l(3)?
9
Let d(s) = -s - 1. Let r be d(1). Let o be (r/3)/((-1)/3). Suppose o*x = 4*x - 16. Calculate the remainder when x is divided by 3.
2
Suppose 9*m - 181 - 8 = 0. Let z(i) = -4 + 1 - 3*i - i**3 + 2*i - 5*i**2. Calculate the remainder when z(-6) is divided by m.
18
Suppose 4*x - 193 = 3*l, x + 3*l + 37 = 2*x. Calculate the remainder when 151 is divided by x.
47
Suppose 407 = 12*y - 7*y - 4*f, y + 3*f = 70. Calculate the remainder when y is divided by 34.
11
Suppose 5*a - 4 = 3*a. What is the remainder when ((-244)/(-6))/(a/3) is divided by (-35)/14*((-141)/15 - -3)?
13
Let c be 2 + 5/((-15)/6). Let x be (5 - c) + 8 + -7. Suppose 4*z + x = 30. Calculate the remainder when z is divided by 3.
0
Let i(c) = c**3 + 2*c**2 + 4*c - 7. Calculate the remainder when 217 is divided by i(2).
13
Let c(p) = -p**2 + 7*p + 5. Let a be -33*(68/(-12) - -4). Suppose 4*t - a = -t. Calculate the remainder when t is divided by c(7).
1
Suppose 53 + 23 = 4*h. What is the remainder when 155 is divided by h?
3
Let w = 1 - 9. Let m(d) = -d**2 - 7*d + 8. Let v be m(w). Suppose -y + 2*y - 75 = v. Calculate the remainder when y is divided by 26.
23
Let q = -20 - -42. Let u(p) = -16*p - 27. What is the remainder when u(-7) is divided by q?
19
Let f(g) = 81*g**3 + g**2 - g - 1. Let r be f(1). Suppose 52*b + r = 57*b. Calculate the remainder when b is divided by 10.
6
Let o be (-1 - (1 + 0)) + -1. Calculate the remainder when 122 is divided by o - 2 - -4 - -26.
22
Suppose -36 = 21*c - 25*c. Let t(w) = -9*w - w**2 - 9*w + 7*w + 13. Calculate the remainder when t(-11) is divided by c.
4
Let j(b) = b**3 - 7*b**2 - 10*b + 26. Let h be j(8). Suppose -379 = -h*q + 601. Let z(y) = -y**2 + 10*y + 1. Calculate the remainder when q is divided by z(6).
23
Let r(x) = -17*x + 9. What is the remainder when 131 is divided by r(0)?
5
Let l = -306 - -309. Calculate the remainder when 20 is divided by l.
2
Let j(a) = -2*a + 16. Let r be j(0). Suppose 0 = 2*s - 16 - r. Calculate the remainder when 47 is divided by s.
15
Suppose -2*t + 79 = 3*w, 0*t = 3*t - 2*w - 151. What is the remainder when 1527/11 + 4/(-264)*-12 is divided by t?
45
Let t(g) = -g**3 - 7*g + 2. Let m(r) = -5*r**3 + r**2 - 29*r + 8. Let p(i) = -2*m(i) + 9*t(i). Calculate the remainder when 40 is divided by p(4).
12
Suppose q + 10122 = 5*s - q, 5*q + 10110 = 5*s. What is the remainder when s is divided by 52?
50
Suppose 17*o - 121 = 6*o. Let z = o - -5. What is the remainder when 73 is divided by z?
9
Let g = 134 - 130. What is the remainder when 18 is divided by g?
2
Calculate the remainder when (-16 - 0)*(36/(-9) + 1) is divided by 26.
22
Let m(o) = -o**3 - 2*o**2 + 7*o + 8. Let w be m(-4). Let l(j) = -j**3 + 11*j**2 + 14*j + 3. Calculate the remainder when l(w) is divided by 16.
11
Let g be ((-92)/20 - -5)/(1/(-5)). Let y(z) = 3*z**2 - 5*z - 5. Calculate the remainder when y(g) is divided by 11.
6
What is the remainder when 519 is divided by -56*(390/80)/(-13)?
15
Suppose -14 = 3*k - x, x + 17 = -4*k - 11. What is the remainder when (58/(-4)*-1)/((-3)/k) is divided by 11?
7
Let r(v) = -5*v - 31. Let i be r(-5). Calculate the remainder when 115 is divided by (3 - 0)*((4 - i) + 3).
37
Let n(x) = 21*x - 9. Let b be n(3). Suppose 0 = -9*r + 3*r + b. Suppose -14*v + r*v = -130. Calculate the remainder when 48 is divided by v.
22
Let n be (-66)/(-14) - (-16)/56. Suppose -z = -2*o + n*o - 38, -4*z + 67 = -5*o. Calculate the remainder when 88 is divided by z.
19
Suppose 4*t + 5*n = 2*n + 108, 135 = 5*t - 2*n. Calculate the remainder when t is divided by -1*(2/2 + -18) - (7 + 0).
7
Let g be (9/(-27))/((-1)/63). Suppose -g = -2*h + 25. Suppose -4*f + h + 105 = 0. Calculate the remainder when f is divided by 11.
10
Suppose 0 = 5*z - 5*d - 1570, 2*z - 3*d = 7*z - 1530. Suppose -5*q - 90 = -b - 2*q, 4*b = -5*q + z. What is the remainder when b is divided by 12?
9
Let p = 9 + -6. Let r be (2 - 3)*(-1 - p). Suppose -5*n + g = -75, -r*n - 4*g + g = -41. What is the remainder when 55 is divided by n?
13
Suppose 52*l + 126 = 55*l. What is the remainder when l is divided by 41?
1
Let r(z) = -10*z - 45. Let q(p) = 5*p + 22. Let f(v) = -13*q(v) - 6*r(v). Calculate the remainder when 69 is divided by f(-8).
21
Let s = 80 + -44. Calculate the remainder when s is divided by 13/((-5)/10*2/(-1)).
10
Let t(g) = -3*g + 12. What is the remainder when 8 is divided by t(2)?
2
Let c = 69 - 28. Suppose 3*w + 165 = -2*w + x, 14 = -w + 4*x. Let o = w - -56. Calculate the remainder when c is divided by o.
19
Let x = -31 +